{"id":3464,"date":"2019-12-04T13:43:00","date_gmt":"2019-12-04T13:43:00","guid":{"rendered":"https:\/\/www.centfocs.com\/?page_id=3464"},"modified":"2019-12-12T07:00:36","modified_gmt":"2019-12-12T07:00:36","slug":"menu-fin-de-ano","status":"publish","type":"page","link":"https:\/\/centfocs.com\/index.php\/menu-fin-de-ano\/?lang=es","title":{"rendered":"MEN\u00da FIN DE A\u00d1O"},"content":{"rendered":"\n<div class=\"wp-block-group\"><div class=\"wp-block-group__inner-container is-layout-flow wp-block-group-is-layout-flow\">\n<figure class=\"wp-block-image size-large\"><img loading=\"lazy\" decoding=\"async\" width=\"567\" height=\"688\" src=\"https:\/\/www.centfocs.com\/wp-content\/uploads\/2019\/12\/Captura-de-pantalla-2019-12-05-a-las-10.22.51.png\" alt=\"\" class=\"wp-image-3498\" srcset=\"https:\/\/centfocs.com\/wp-content\/uploads\/2019\/12\/Captura-de-pantalla-2019-12-05-a-las-10.22.51.png 567w, https:\/\/centfocs.com\/wp-content\/uploads\/2019\/12\/Captura-de-pantalla-2019-12-05-a-las-10.22.51-247x300.png 247w\" sizes=\"auto, (max-width: 567px) 100vw, 567px\" \/><\/figure>\n<\/div><\/div>\n\n\n\n<figure class=\"wp-block-image size-large\"><img loading=\"lazy\" decoding=\"async\" width=\"557\" height=\"412\" src=\"https:\/\/www.centfocs.com\/wp-content\/uploads\/2019\/12\/Captura-de-pantalla-2019-12-12-a-las-7.56.44.png\" alt=\"\" class=\"wp-image-3503\" srcset=\"https:\/\/centfocs.com\/wp-content\/uploads\/2019\/12\/Captura-de-pantalla-2019-12-12-a-las-7.56.44.png 557w, https:\/\/centfocs.com\/wp-content\/uploads\/2019\/12\/Captura-de-pantalla-2019-12-12-a-las-7.56.44-300x222.png 300w\" sizes=\"auto, (max-width: 557px) 100vw, 557px\" \/><\/figure>\n\n\n\n<p class=\"has-text-align-center\">Para cualquier modificaci\u00f3n rogamos que nos avisen con antelaci\u00f3n. As\u00ed podremos garantizar un mejor servicio.<br>\nPara garantizar la mejor calidad de los platos y poder seguir ofreciendo el producto fresco, los men\u00fas pueden ser modificados<br>\nsin previo aviso garantiz\u00e1ndole los la misma calidad. En caso de \nintolerancia alimentaria comun\u00edquelo a nuestro personal con antelaci\u00f3n.<\/p>\n","protected":false},"excerpt":{"rendered":"<p>Para cualquier modificaci\u00f3n rogamos que nos avisen con antelaci\u00f3n. As\u00ed podremos garantizar un mejor servicio. Para garantizar la mejor calidad de los platos y poder seguir ofreciendo el producto fresco, los men\u00fas pueden ser modificados sin previo aviso garantiz\u00e1ndole los la misma calidad. En caso&#8230;<\/p>\n","protected":false},"author":3,"featured_media":0,"parent":0,"menu_order":0,"comment_status":"closed","ping_status":"closed","template":"","meta":{"_monsterinsights_skip_tracking":false,"_monsterinsights_sitenote_active":false,"_monsterinsights_sitenote_note":"","_monsterinsights_sitenote_category":0,"footnotes":""},"class_list":["post-3464","page","type-page","status-publish","hentry"],"yoast_head":"<!-- This site is optimized with the Yoast SEO plugin v27.5 - https:\/\/yoast.com\/product\/yoast-seo-wordpress\/ -->\n<title>MEN\u00da FIN DE A\u00d1O - Centfocs<\/title>\n<meta name=\"robots\" content=\"index, follow, max-snippet:-1, max-image-preview:large, max-video-preview:-1\" \/>\n<link rel=\"canonical\" href=\"https:\/\/centfocs.com\/index.php\/menu-fin-de-ano\/\" \/>\n<meta property=\"og:locale\" content=\"ca_ES\" \/>\n<meta property=\"og:type\" content=\"article\" \/>\n<meta property=\"og:title\" content=\"MEN\u00da FIN DE A\u00d1O - Centfocs\" \/>\n<meta property=\"og:description\" content=\"Para cualquier modificaci\u00f3n rogamos que nos avisen con antelaci\u00f3n. As\u00ed podremos garantizar un mejor servicio. Para garantizar la mejor calidad de los platos y poder seguir ofreciendo el producto fresco, los men\u00fas pueden ser modificados sin previo aviso garantiz\u00e1ndole los la misma calidad. En caso...\" \/>\n<meta property=\"og:url\" content=\"https:\/\/centfocs.com\/index.php\/menu-fin-de-ano\/?lang=es\" \/>\n<meta property=\"og:site_name\" content=\"Centfocs\" \/>\n<meta property=\"article:publisher\" content=\"https:\/\/www.facebook.com\/centfocsrestaurant\" \/>\n<meta property=\"article:modified_time\" content=\"2019-12-12T07:00:36+00:00\" \/>\n<meta property=\"og:image\" content=\"https:\/\/www.centfocs.com\/wp-content\/uploads\/2019\/12\/Captura-de-pantalla-2019-12-05-a-las-10.22.51.png\" \/>\n<meta name=\"twitter:card\" content=\"summary_large_image\" \/>\n<script type=\"application\/ld+json\" class=\"yoast-schema-graph\">{\"@context\":\"https:\\\/\\\/schema.org\",\"@graph\":[{\"@type\":\"WebPage\",\"@id\":\"https:\\\/\\\/centfocs.com\\\/index.php\\\/menu-fin-de-ano\\\/?lang=es\",\"url\":\"https:\\\/\\\/centfocs.com\\\/index.php\\\/menu-fin-de-ano\\\/?lang=es\",\"name\":\"MEN\u00da FIN DE A\u00d1O - Centfocs\",\"isPartOf\":{\"@id\":\"https:\\\/\\\/centfocs.com\\\/#website\"},\"primaryImageOfPage\":{\"@id\":\"https:\\\/\\\/centfocs.com\\\/index.php\\\/menu-fin-de-ano\\\/?lang=es#primaryimage\"},\"image\":{\"@id\":\"https:\\\/\\\/centfocs.com\\\/index.php\\\/menu-fin-de-ano\\\/?lang=es#primaryimage\"},\"thumbnailUrl\":\"https:\\\/\\\/www.centfocs.com\\\/wp-content\\\/uploads\\\/2019\\\/12\\\/Captura-de-pantalla-2019-12-05-a-las-10.22.51.png\",\"datePublished\":\"2019-12-04T13:43:00+00:00\",\"dateModified\":\"2019-12-12T07:00:36+00:00\",\"breadcrumb\":{\"@id\":\"https:\\\/\\\/centfocs.com\\\/index.php\\\/menu-fin-de-ano\\\/?lang=es#breadcrumb\"},\"inLanguage\":\"ca\",\"potentialAction\":[{\"@type\":\"ReadAction\",\"target\":[\"https:\\\/\\\/centfocs.com\\\/index.php\\\/menu-fin-de-ano\\\/?lang=es\"]}]},{\"@type\":\"ImageObject\",\"inLanguage\":\"ca\",\"@id\":\"https:\\\/\\\/centfocs.com\\\/index.php\\\/menu-fin-de-ano\\\/?lang=es#primaryimage\",\"url\":\"https:\\\/\\\/www.centfocs.com\\\/wp-content\\\/uploads\\\/2019\\\/12\\\/Captura-de-pantalla-2019-12-05-a-las-10.22.51.png\",\"contentUrl\":\"https:\\\/\\\/www.centfocs.com\\\/wp-content\\\/uploads\\\/2019\\\/12\\\/Captura-de-pantalla-2019-12-05-a-las-10.22.51.png\"},{\"@type\":\"BreadcrumbList\",\"@id\":\"https:\\\/\\\/centfocs.com\\\/index.php\\\/menu-fin-de-ano\\\/?lang=es#breadcrumb\",\"itemListElement\":[{\"@type\":\"ListItem\",\"position\":1,\"name\":\"Portada\",\"item\":\"https:\\\/\\\/centfocs.com\\\/\"},{\"@type\":\"ListItem\",\"position\":2,\"name\":\"MEN\u00da FIN DE A\u00d1O\"}]},{\"@type\":\"WebSite\",\"@id\":\"https:\\\/\\\/centfocs.com\\\/#website\",\"url\":\"https:\\\/\\\/centfocs.com\\\/\",\"name\":\"Centfocs\",\"description\":\"Cuina tradicional al cor de Barcelona\",\"publisher\":{\"@id\":\"https:\\\/\\\/centfocs.com\\\/#organization\"},\"potentialAction\":[{\"@type\":\"SearchAction\",\"target\":{\"@type\":\"EntryPoint\",\"urlTemplate\":\"https:\\\/\\\/centfocs.com\\\/?s={search_term_string}\"},\"query-input\":{\"@type\":\"PropertyValueSpecification\",\"valueRequired\":true,\"valueName\":\"search_term_string\"}}],\"inLanguage\":\"ca\"},{\"@type\":\"Organization\",\"@id\":\"https:\\\/\\\/centfocs.com\\\/#organization\",\"name\":\"Restaurant Centfocs\",\"url\":\"https:\\\/\\\/centfocs.com\\\/\",\"logo\":{\"@type\":\"ImageObject\",\"inLanguage\":\"ca\",\"@id\":\"https:\\\/\\\/centfocs.com\\\/#\\\/schema\\\/logo\\\/image\\\/\",\"url\":\"https:\\\/\\\/centfocs.com\\\/wp-content\\\/uploads\\\/2021\\\/11\\\/logo_centfocs_newsletter.jpg\",\"contentUrl\":\"https:\\\/\\\/centfocs.com\\\/wp-content\\\/uploads\\\/2021\\\/11\\\/logo_centfocs_newsletter.jpg\",\"width\":669,\"height\":119,\"caption\":\"Restaurant Centfocs\"},\"image\":{\"@id\":\"https:\\\/\\\/centfocs.com\\\/#\\\/schema\\\/logo\\\/image\\\/\"},\"sameAs\":[\"https:\\\/\\\/www.facebook.com\\\/centfocsrestaurant\",\"https:\\\/\\\/www.instagram.com\\\/centfocsrestaurant\\\/\"]}]}<\/script>\n<!-- \/ Yoast SEO plugin. -->","yoast_head_json":{"title":"MEN\u00da FIN DE A\u00d1O - Centfocs","robots":{"index":"index","follow":"follow","max-snippet":"max-snippet:-1","max-image-preview":"max-image-preview:large","max-video-preview":"max-video-preview:-1"},"canonical":"https:\/\/centfocs.com\/index.php\/menu-fin-de-ano\/","og_locale":"ca_ES","og_type":"article","og_title":"MEN\u00da FIN DE A\u00d1O - Centfocs","og_description":"Para cualquier modificaci\u00f3n rogamos que nos avisen con antelaci\u00f3n. As\u00ed podremos garantizar un mejor servicio. Para garantizar la mejor calidad de los platos y poder seguir ofreciendo el producto fresco, los men\u00fas pueden ser modificados sin previo aviso garantiz\u00e1ndole los la misma calidad. En caso...","og_url":"https:\/\/centfocs.com\/index.php\/menu-fin-de-ano\/?lang=es","og_site_name":"Centfocs","article_publisher":"https:\/\/www.facebook.com\/centfocsrestaurant","article_modified_time":"2019-12-12T07:00:36+00:00","og_image":[{"url":"https:\/\/www.centfocs.com\/wp-content\/uploads\/2019\/12\/Captura-de-pantalla-2019-12-05-a-las-10.22.51.png","type":"","width":"","height":""}],"twitter_card":"summary_large_image","schema":{"@context":"https:\/\/schema.org","@graph":[{"@type":"WebPage","@id":"https:\/\/centfocs.com\/index.php\/menu-fin-de-ano\/?lang=es","url":"https:\/\/centfocs.com\/index.php\/menu-fin-de-ano\/?lang=es","name":"MEN\u00da FIN DE A\u00d1O - Centfocs","isPartOf":{"@id":"https:\/\/centfocs.com\/#website"},"primaryImageOfPage":{"@id":"https:\/\/centfocs.com\/index.php\/menu-fin-de-ano\/?lang=es#primaryimage"},"image":{"@id":"https:\/\/centfocs.com\/index.php\/menu-fin-de-ano\/?lang=es#primaryimage"},"thumbnailUrl":"https:\/\/www.centfocs.com\/wp-content\/uploads\/2019\/12\/Captura-de-pantalla-2019-12-05-a-las-10.22.51.png","datePublished":"2019-12-04T13:43:00+00:00","dateModified":"2019-12-12T07:00:36+00:00","breadcrumb":{"@id":"https:\/\/centfocs.com\/index.php\/menu-fin-de-ano\/?lang=es#breadcrumb"},"inLanguage":"ca","potentialAction":[{"@type":"ReadAction","target":["https:\/\/centfocs.com\/index.php\/menu-fin-de-ano\/?lang=es"]}]},{"@type":"ImageObject","inLanguage":"ca","@id":"https:\/\/centfocs.com\/index.php\/menu-fin-de-ano\/?lang=es#primaryimage","url":"https:\/\/www.centfocs.com\/wp-content\/uploads\/2019\/12\/Captura-de-pantalla-2019-12-05-a-las-10.22.51.png","contentUrl":"https:\/\/www.centfocs.com\/wp-content\/uploads\/2019\/12\/Captura-de-pantalla-2019-12-05-a-las-10.22.51.png"},{"@type":"BreadcrumbList","@id":"https:\/\/centfocs.com\/index.php\/menu-fin-de-ano\/?lang=es#breadcrumb","itemListElement":[{"@type":"ListItem","position":1,"name":"Portada","item":"https:\/\/centfocs.com\/"},{"@type":"ListItem","position":2,"name":"MEN\u00da FIN DE A\u00d1O"}]},{"@type":"WebSite","@id":"https:\/\/centfocs.com\/#website","url":"https:\/\/centfocs.com\/","name":"Centfocs","description":"Cuina tradicional al cor de Barcelona","publisher":{"@id":"https:\/\/centfocs.com\/#organization"},"potentialAction":[{"@type":"SearchAction","target":{"@type":"EntryPoint","urlTemplate":"https:\/\/centfocs.com\/?s={search_term_string}"},"query-input":{"@type":"PropertyValueSpecification","valueRequired":true,"valueName":"search_term_string"}}],"inLanguage":"ca"},{"@type":"Organization","@id":"https:\/\/centfocs.com\/#organization","name":"Restaurant Centfocs","url":"https:\/\/centfocs.com\/","logo":{"@type":"ImageObject","inLanguage":"ca","@id":"https:\/\/centfocs.com\/#\/schema\/logo\/image\/","url":"https:\/\/centfocs.com\/wp-content\/uploads\/2021\/11\/logo_centfocs_newsletter.jpg","contentUrl":"https:\/\/centfocs.com\/wp-content\/uploads\/2021\/11\/logo_centfocs_newsletter.jpg","width":669,"height":119,"caption":"Restaurant Centfocs"},"image":{"@id":"https:\/\/centfocs.com\/#\/schema\/logo\/image\/"},"sameAs":["https:\/\/www.facebook.com\/centfocsrestaurant","https:\/\/www.instagram.com\/centfocsrestaurant\/"]}]}},"_links":{"self":[{"href":"https:\/\/centfocs.com\/index.php\/wp-json\/wp\/v2\/pages\/3464","targetHints":{"allow":["GET"]}}],"collection":[{"href":"https:\/\/centfocs.com\/index.php\/wp-json\/wp\/v2\/pages"}],"about":[{"href":"https:\/\/centfocs.com\/index.php\/wp-json\/wp\/v2\/types\/page"}],"author":[{"embeddable":true,"href":"https:\/\/centfocs.com\/index.php\/wp-json\/wp\/v2\/users\/3"}],"replies":[{"embeddable":true,"href":"https:\/\/centfocs.com\/index.php\/wp-json\/wp\/v2\/comments?post=3464"}],"version-history":[{"count":5,"href":"https:\/\/centfocs.com\/index.php\/wp-json\/wp\/v2\/pages\/3464\/revisions"}],"predecessor-version":[{"id":3505,"href":"https:\/\/centfocs.com\/index.php\/wp-json\/wp\/v2\/pages\/3464\/revisions\/3505"}],"wp:attachment":[{"href":"https:\/\/centfocs.com\/index.php\/wp-json\/wp\/v2\/media?parent=3464"}],"curies":[{"name":"wp","href":"https:\/\/api.w.org\/{rel}","templated":true}]}}